is divided by (h*3/(-6))/((-12)/16)?
0
Calculate the remainder when (-122085)/(-10)*((-8)/(-36) + 0) is divided by 46.
45
Let n = 21542 + -21502. What is the remainder when 1091 is divided by n?
11
Suppose -12*g - 2709 + 2829 = 0. What is the remainder when 3248 is divided by g?
8
Suppose -4*h + 182 = 2*a, -4*a = -11 + 31. Suppose -183*w = -191*w + h. Calculate the remainder when 18 is divided by w.
0
Let q be 9/2*164/(-3). Let o = -190 - q. What is the remainder when 221 is divided by o?
53
Let n = -8 + 6. Suppose -s - 11 = -i, 6*s + 17 = 5*i - 38. Let d = n + i. What is the remainder when 53 is divided by d?
8
Let i = 59 + -34. Suppose 5*z + 0*z + 4*l + 82 = 0, -3*z - l = 45. Let w(v) = -v**3 - 13*v**2 + 9*v - 24. What is the remainder when w(z) is divided by i?
21
Let d = 423 - 161. What is the remainder when d is divided by (9374/172 + -56)/((2/88)/(-1))?
64
Let o(f) = -2 - 4*f**2 - 10*f**3 + 0*f**3 - 4*f + 8*f**2 - 6*f**2. Suppose 4*k = -4, -5*h - 7 = -0*h + 2*k. Calculate the remainder when 119 is divided by o(h).
9
Suppose 25*s = -37*s + 8370. Calculate the remainder when s is divided by 37.
24
Let p be 21/(-6)*(-28)/21*3. What is the remainder when 53 is divided by (2 - (3 - p)) + -1?
5
Suppose -8*x + 0*x + 40 = 0. Suppose 3*p + 15 = x*i, -6*p = -2*p - 2*i + 20. Let u = 6 - p. Calculate the remainder when 64 is divided by u.
9
Suppose -114 = -4*z - 2*d, 8*z - 7*z - 2*d = 36. Calculate the remainder when z is divided by 20.
10
Suppose -247 = -k - 671. Let s = k - -435. Calculate the remainder when 51 is divided by s.
7
Suppose 3*b - 9*b - 474 = 0. Let x = b - -161. Let y = x + -49. What is the remainder when 98 is divided by y?
32
Suppose -4*m + 278 = -17*j + 14*j, m - 4*j = 76. What is the remainder when 293 is divided by m?
21
Let f(h) = -2*h + 8. Let y be f(8). Let t(k) = 8*k**2 - 5*k. Let v be t(y). Suppose 0 = -29*w + 25*w + v. Calculate the remainder when w is divided by 28.
26
Calculate the remainder when (304 + -46)/((-6)/(-26)) is divided by 34.
30
Suppose -4*z + z - 4*g + 23 = 0, 2*z + g = 7. Let b = z - -12. Suppose -6*s - 1 = -31. Calculate the remainder when b is divided by s.
3
Let z = 9 + -6. Let v be 4*(-3)/(-150) - (-10)/(-125). What is the remainder when v - (-3 + -34 + z + -7) is divided by 23?
18
Calculate the remainder when (-7900)/(-14) - 2016/1568 is divided by 134.
27
Let z be (-80)/(-8)*(-9)/(-6). What is the remainder when z*24/20*(-7)/(-1) is divided by 17?
7
Let h = 928 + -899. What is the remainder when h is divided by 5/(60/194) + (-1)/6?
13
Suppose 0 = -45*f + 40*f - 90. Let h(t) = -2*t - 370. Let g be h(0). What is the remainder when f/(-99) - g/22 is divided by 12?
5
Let v(u) = 2*u**2 - 13*u + 13. Suppose -2*d - 7*k + 406 = -9*k, -d - 5*k = -173. Calculate the remainder when d is divided by v(7).
18
Let u = 37763 - 37745. What is the remainder when 3161 is divided by u?
11
Let d = -699 - -1095. What is the remainder when 710 is divided by d?
314
Let x = -13156 + 13224. Calculate the remainder when 740 is divided by x.
60
Let c(o) = 9*o**2 + 604*o - 492. Suppose 0*q - 4*q = -1656. What is the remainder when q is divided by c(-68)?
50
Let z(o) be the second derivative of -o**5/10 + 7*o**4/4 - 25*o**3/6 + 6*o**2 - 67*o. What is the remainder when z(8) is divided by 34?
30
Let j be 32/(-14) - 22/(-77). What is the remainder when (-4 - (j + 5)) + 107 is divided by 26?
22
Suppose -2*u + 8*t + 4846 = 0, -7269 = -3*u - 0*t - 4*t. Calculate the remainder when u is divided by 203.
190
Let z(j) = j + 5. Let v be z(0). Suppose 4*r + r = -v*b + 5, 0 = -2*r - 4*b - 2. Suppose 153*s - 152*s = r. What is the remainder when 12 is divided by s?
0
Let o(q) = -59*q - 714. Let f(c) = -39*c + 17. Calculate the remainder when f(-9) is divided by o(-13).
50
Let h be (-36)/(-1)*(-2)/(-2). Let m be ((-3)/2)/((252/16)/21). Calculate the remainder when (-5 + 4 - h)*m is divided by 38.
36
Let h(w) = -3*w**3 + 219*w**2 + 6*w - 421. Calculate the remainder when 3891 is divided by h(73).
15
Suppose 5*d + 6*u - 9*u - 1081 = 0, -2*u = 3*d - 641. Let m = -146 + d. Calculate the remainder when m is divided by 24.
21
Let q(j) = 2*j**2 + 42*j + 100. Let y be q(-21). What is the remainder when (-1717)/(-35) - y/1750 is divided by 30?
19
Let j = 38 - 4. Suppose -j = -4*i + 46. Suppose 0 = -5*m - 2*w + 342, -20*w + 19*w = 5*m - 346. Calculate the remainder when m is divided by i.
10
Let y(a) = -3*a**2 - 82*a + 134. What is the remainder when y(-19) is divided by 51?
48
Let w(t) = t**3 - 2*t - 7. Let r be w(0). Let k(o) = -o**3 - 8*o**2 - 13*o - 30. Calculate the remainder when 24 is divided by k(r).
0
Let s = -602 + 628. What is the remainder when 926 is divided by s?
16
Let t(m) = -5*m + 32. Let s be t(4). Suppose 0 = -3*l - s + 57. What is the remainder when 117 is divided by l?
12
Suppose 3*x - 746 = -2*c, 1337 - 57 = 5*x - 4*c. Calculate the remainder when x is divided by 29.
20
Let j(c) = -c + 4. Let h be j(-5). Calculate the remainder when -4 - (25 + -23)*-16 is divided by (11 - -1)*6/h.
4
Let a(d) = d**2 + 51*d - 1049. Calculate the remainder when 4813 is divided by a(-69).
181
Let q(y) = 18*y**2 - 4. Let o be q(-4). Let w = o + -226. Calculate the remainder when w is divided by 17.
7
Let t = -2 + 5. What is the remainder when (66736/301 - 22) + (-2)/(-7) is divided by t?
2
Let x(u) = u**3 + 50*u**2 + 54*u + 267. Calculate the remainder when 128 is divided by x(-49).
18
Let n = -8638 + 8661. What is the remainder when 298 is divided by n?
22
Suppose -5*k = -3*o - 1313, 3*k + 4*o - 803 = 2*o. Let i = k - 257. Calculate the remainder when 8 is divided by i.
0
Suppose -10*s - 79 + 269 = 0. Suppose 8*w - 2*w = 30. Let u(p) = 2*p**3 - 4*p**2 - 7*p - 2. Calculate the remainder when u(w) is divided by s.
18
Suppose -152 = -3*f - 3*a + 46, 0 = -f + 2*a + 45. Calculate the remainder when 272 is divided by f.
36
Suppose -72 = -m - 4*l, -240 = -4*m - 35*l + 31*l. Calculate the remainder when m is divided by 2/(-8) + (-125)/(-4).
25
Let a = -1499 - -1785. Calculate the remainder when a is divided by 29.
25
Let l = -39 + 29. Let d be (l/3)/(10/(-15)). Suppose 5*k - 145 = -d*c, 5 - 1 = -2*c. What is the remainder when k is divided by 8?
7
Let r(m) = 20*m**2 - 15*m - 179. Let u(q) = 9*q**2 - 8*q - 89. Let k(v) = -4*r(v) + 9*u(v). What is the remainder when 593 is divided by k(-6)?
18
Let x = -1682 + 1170. Let n = -446 - x. What is the remainder when 205 is divided by n?
7
Let z be (-16)/(-10)*35/14. Suppose z*t = 224 - 8. What is the remainder when t is divided by 29?
25
Suppose -o + 6*o - 2030 - 29350 = 0. What is the remainder when o is divided by 146?
144
Suppose -3*w - 4*u = -w - 1070, -u = 4*u. Calculate the remainder when w is divided by 134.
133
Suppose -190*y + 2735 = -183*y - 219. What is the remainder when y is divided by 54?
44
Let z(h) be the third derivative of -h**6/120 - h**5/30 - h**4/24 + 9*h**2 - 5*h. Calculate the remainder when z(-4) is divided by 8.
4
Let q = 1901 - 1888. What is the remainder when q is divided by 9?
4
Let t(p) be the second derivative of -p**4/12 - p**3/2 + 8*p**2 + p. Let k be t(-7). What is the remainder when k + 10 - (-3 - 0) - -51 is divided by 9?
7
Calculate the remainder when (-7052 + -7)*(-2)/6 is divided by 4.
1
Suppose -125*q + 103*q = -21472. Calculate the remainder when q is divided by 9.
4
Let v(n) = n**2 + 42*n - 1828. Suppose 12 = -0*o - 2*o. Calculate the remainder when v(-69) is divided by (-36)/(-8)*(-16)/o.
11
Let s(g) = -g**2 - 127*g - 3791. What is the remainder when 2076 is divided by s(-77)?
11
Let c be 4 - (5/1 - 1). Suppose -5*a + 0*a + 10 = c. Suppose -2*g = a*g - 68. What is the remainder when 66 is divided by g?
15
Suppose -2*z = -3*z + 2, -3*z - 236 = 2*m. Let t = -118 - m. Calculate the remainder when 23 is divided by t.
2
Let a be 15/(-7*(-3)/42). Let s(b) = -b**2 + 30*b + 52. Calculate the remainder when s(a) is divided by 18.
16
Let y = -142 - -165. Suppose y*n - 429 = 10*n. Calculate the remainder when n is divided by 20.
13
Suppose -2*y = b - 15 - 5, -2*b = -4*y - 64. Let h(k) = -5*k - 65. Calculate the remainder when b is divided by h(-15).
6
Let a be 3534/(-9) - 1/3. What is the remainder when 68 is divided by ((-3)/(-5) + a/30)*-2?
18
Suppose 4*d - 138 = 3*q, q + 7*d + 46 